{"id":518,"date":"2022-02-04T10:08:49","date_gmt":"2022-02-04T10:08:49","guid":{"rendered":"http:\/\/doruti.lt\/?page_id=518"},"modified":"2025-01-27T11:40:21","modified_gmt":"2025-01-27T11:40:21","slug":"menu","status":"publish","type":"page","link":"https:\/\/doruti.lt\/?page_id=518","title":{"rendered":"Paslaugos"},"content":{"rendered":"\n<div class=\"wp-block-uagb-container uagb-block-85a03c54 alignfull uagb-is-root-container\"><div class=\"uagb-container-inner-blocks-wrap\">\n<div class=\"wp-block-uagb-advanced-heading uagb-block-e7e1c039\"><\/div>\n<\/div><\/div>\n\n\n\n<div class=\"wp-block-uagb-container uagb-block-82f0b79f alignfull uagb-is-root-container\"><div class=\"uagb-container-inner-blocks-wrap\">\n<div class=\"wp-block-uagb-container uagb-block-296940b4\">\n<div class=\"wp-block-uagb-container uagb-block-e280a71b alignfull uagb-is-root-container\"><div class=\"uagb-container-inner-blocks-wrap\">\n<h2 class=\"wp-block-heading has-text-align-center has-ast-global-color-6-color has-ffffff-background-color has-text-color has-background has-x-large-font-size\" style=\"padding-top:var(--wp--preset--spacing--50);padding-right:var(--wp--preset--spacing--50);padding-bottom:var(--wp--preset--spacing--50);padding-left:var(--wp--preset--spacing--50)\">Dekoravimo paslaugos<\/h2>\n<\/div><\/div>\n<\/div>\n\n\n\n<div class=\"wp-block-columns has-ffffff-background-color has-background is-layout-flex wp-container-4 wp-block-columns-is-layout-flex\">\n<div class=\"wp-block-column is-layout-flow wp-block-column-is-layout-flow\" style=\"flex-basis:33.34%\">\n<div class=\"wp-block-uagb-info-box uagb-block-9dbe56ad uagb-infobox__content-wrap  uagb-infobox-icon-above-title uagb-infobox-image-valign-top\"><div class=\"uagb-ifb-content\"><div class=\"uagb-ifb-title-wrap\"><h3 class=\"uagb-ifb-title\">\u0160ven\u010di\u0173 <br>dekoravimas<br><br><mark style=\"background-color:rgba(0, 0, 0, 0)\" class=\"has-inline-color has-ast-global-color-0-color\">Nuo 600 eur\u0173<\/mark>*<\/h3><\/div><p class=\"uagb-ifb-desc\">\u2981 Vestuv\u0117s, krik\u0161tynos, gimtadieniai, mergvakariai\/bernvakariai ir t.t.<br>\u2981 I\u0161siai\u0161kinu kliento l\u016bkes\u010dius \u2013 konsultuoju ir patariu.<br>\u2981 Sukuriu vientis\u0105 \u0161vent\u0117s stili\u0173, tinkant\u012f \u0161vent\u0117s vietai ir klient\u0173 asmenyb\u0117ms.<br>\u2981 Pateikiu dekoro vizualin\u0119 konsepcij\u0105 (\u201cmoodboard\u201d).<br>\u2981 Ie\u0161kau inventoriaus, tinkamo dekoro vizijai i\u0161pildyti; bendrauju su tiek\u0117jais.<br>\u2981 Pasir\u016bpinu g\u0117l\u0117mis ir sukuriu floristines kompozicijas.<br>\u2981 Dekoruoju \u0161vent\u0117s viet\u0105: sve\u010di\u0173 stalus, desert\u0173 kampel\u012f, palink\u0117jim\u0173 viet\u0105, ceremonijos ar sveikinim\u0173 zon\u0105 ir t.t..<br>\u2981 Po \u0161vent\u0117s surenku, sutvarkau ir gr\u0105\u017einu dekoracijas tiek\u0117jams.<\/p><\/div><\/div>\n<\/div>\n\n\n\n<div class=\"wp-block-column is-layout-flow wp-block-column-is-layout-flow\" style=\"flex-basis:33.34%\">\n<div class=\"wp-block-uagb-info-box uagb-block-ae5a890e uagb-infobox__content-wrap  uagb-infobox-icon-above-title uagb-infobox-image-valign-top\"><div class=\"uagb-ifb-content\"><div class=\"uagb-ifb-title-wrap\"><h3 class=\"uagb-ifb-title\">Vestuvi\u0173 ceremonijos dekoravimas<br><br>Nuo <mark style=\"background-color:rgba(0, 0, 0, 0)\" class=\"has-inline-color has-ast-global-color-0-color\">300 eur<\/mark>\u0173*<\/h3><\/div><p class=\"uagb-ifb-desc\">\u2981 I\u0161siai\u0161kinu kliento l\u016bkes\u010dius \u2013 konsultuoju ir patariu.<br>\u2981 Sukuriu vientis\u0105 ceremonijos dekoro stili\u0173.<br>\u2981 Pateikiu dekoro vizualin\u0119 konsepcij\u0105 (\u201cmoodboard\u201d).<br>\u2981 Ie\u0161kau inventoriaus, tinkamo dekoro vizijai i\u0161pildyti.<br>\u2981 Bendrauju su k\u0117d\u017ei\u0173 ir kit\u0173 dekoracij\u0173 nuomos tiek\u0117jais.<br>\u2981 Pasir\u016bpinu g\u0117l\u0117mis ir atlieku floristikos darbus.<br>\u2981 Dekoruoju ceremonijos viet\u0105 \u0161vent\u0117s dien\u0105.<br>\u2981 Po \u0161vent\u0117s surenku, sutvarkau ir gr\u0105\u017einu dekoracijas tiek\u0117jams.<br><br><\/p><\/div><\/div>\n<\/div>\n\n\n\n<div class=\"wp-block-column is-layout-flow wp-block-column-is-layout-flow\" style=\"flex-basis:33.33%\">\n<div class=\"wp-block-uagb-info-box uagb-block-13cb3405 uagb-infobox__content-wrap  uagb-infobox-icon-above-title uagb-infobox-image-valign-top\"><div class=\"uagb-ifb-content\"><div class=\"uagb-ifb-title-wrap\"><h3 class=\"uagb-ifb-title\">\u012emoni\u0173\/restoran\u0173 rengini\u0173 dekoravimas<br><br>Nuo <mark style=\"background-color:rgba(0, 0, 0, 0)\" class=\"has-inline-color has-ast-global-color-0-color\">600 eur<\/mark>\u0173*<\/h3><\/div><p class=\"uagb-ifb-desc\">\u2981 I\u0161siai\u0161kinu kliento l\u016bkes\u010dius \u2013 konsultuoju ir patariu.<br>\u2981 Sukuriu vientis\u0105 \u0161vent\u0117s stili\u0173, tinkant\u012f \u0161vent\u0117s vietai.<br>\u2981 Pateikiu dekoro vizualin\u0119 konsepcij\u0105 (\u201cmoodboard\u201d).<br>\u2981 Ie\u0161kau inventoriaus, tinkamo dekoro vizijai i\u0161pildyti.<br>\u2981 Vientiso stiliaus \u0161ventin\u0117s spaudos maketavimas (sve\u010di\u0173 kortel\u0117s, sus\u0117dimo planas ir kt.) ir spaudos darb\u0173 derinimas su spaustuve.<br>\u2981 Pasir\u016bpinu g\u0117l\u0117mis ir sukuriu floristines kompozicijas<br>\u2981 Dekoruoju \u0161vent\u0117s viet\u0105 \u0161vent\u0117s dien\u0105.<br>\u2981 Po \u0161vent\u0117s surenku, sutvarkau ir gr\u0105\u017einu dekoracijas tiek\u0117jams.<\/p><\/div><\/div>\n<\/div>\n<\/div>\n\n\n\n<div class=\"wp-block-uagb-container uagb-block-039ab9c5\">\n<p>* \u012e dekoravimo paslaug\u0173 kain\u0105 ne\u012fskai\u010diuota: transporto i\u0161laidos, g\u0117l\u0117s, \u017evak\u0117s, spauda, tekstil\u0117s ir dekoro rekvizito nuoma (stalai, k\u0117d\u0117s, tekstil\u0117, pol\u0117k\u0161t\u0117s, kilimai ir kt.). Tiksli dekoravimo suma priklauso nuo \u0161vent\u0117s apim\u010di\u0173 ir paskai\u010diuojama i\u0161siai\u0161kinus kliento poreikius.<\/p>\n<\/div>\n<\/div><\/div>\n\n\n\n<p><\/p>\n\n\n\n<div class=\"wp-block-uagb-container uagb-block-bdf26394 alignfull uagb-is-root-container\"><div class=\"uagb-container-inner-blocks-wrap\">\n<div class=\"wp-block-uagb-container uagb-block-6495a9a2\">\n<h2 class=\"wp-block-heading has-text-align-center has-ast-global-color-6-color has-text-color has-x-large-font-size\">Papildomos paslaugos<\/h2>\n<\/div>\n\n\n\n<div class=\"wp-block-columns has-ffffff-background-color has-background is-layout-flex wp-container-8 wp-block-columns-is-layout-flex\">\n<div class=\"wp-block-column is-layout-flow wp-block-column-is-layout-flow\" style=\"flex-basis:33.34%\">\n<div class=\"wp-block-uagb-info-box uagb-block-f42ae06a uagb-infobox__content-wrap  uagb-infobox-icon-above-title uagb-infobox-image-valign-top\"><div class=\"uagb-ifb-content\"><div class=\"uagb-ifb-title-wrap\"><h3 class=\"uagb-ifb-title\">Floristika \u0161vent\u0117ms, namams, \u012fmon\u0117ms<br><br><mark style=\"background-color:rgba(0, 0, 0, 0)\" class=\"has-inline-color has-ast-global-color-0-color\">Nuo 50 eur\u0173<\/mark><\/h3><\/div><p class=\"uagb-ifb-desc\">\u2981 Vestuvi\u0173 floristika: puok\u0161t\u0117s nuotakoms, kompizicijos \u0161vent\u0117s stalams puo\u0161ti.<br>\u2981 Puok\u0161t\u0117s \u0161ventiniams stalams: vakar\u0117liui, gimtadieniui, krik\u0161tynoms, kal\u0117doms, velykoms ir t.t..<br>\u2981 Puok\u0161t\u0117s sveikinimams.<br>\u2981 G\u0117li\u0173 kompozicijos ceremonijos vietai dekoruoti.<br>\u2981 G\u0117li\u0173 kompozicijos fotosesijoms dekoruoti.<br>\u2981 Augal\u0173 kompozicijos biurams.<\/p><\/div><\/div>\n<\/div>\n\n\n\n<div class=\"wp-block-column is-layout-flow wp-block-column-is-layout-flow\" style=\"flex-basis:33.34%\">\n<div class=\"wp-block-uagb-info-box uagb-block-6731f8e9 uagb-infobox__content-wrap  uagb-infobox-icon-above-title uagb-infobox-image-valign-top\"><div class=\"uagb-ifb-content\"><div class=\"uagb-ifb-title-wrap\"><h3 class=\"uagb-ifb-title\">\u012emoni\u0173\/biur\u0173 fasad\u0173, vitrin\u0173 dekoravimas<br><br><mark style=\"background-color:rgba(0, 0, 0, 0)\" class=\"has-inline-color has-ast-global-color-0-color\">Nuo 500 eur<\/mark>\u0173<\/h3><\/div><p class=\"uagb-ifb-desc\">\u2981 Kal\u0117dinis, gimtadienio, sezoninis, \u0161ventinis ar net ne proginis dekoras. <br>\u2981 Padedu i\u0161sigryninti ir sukurti dekoro id\u0117j\u0105.<br>\u2981 Patariu, kokia spalvin\u0117 dekoro gama labiausiai tikt\u0173 J\u016bs\u0173 \u012fmon\u0117s erdvei.<br>\u2981 Surandu reikiam\u0105 dekoro inventori\u0173.<br>\u2981 Pastat\u0173 fasad\u0173, biur\u0173 erdvi\u0173 bei parduotuvi\u0173 vitrin\u0173 dekoravimas.<br>\u2981 Pagal susitarim\u0105, dekor\u0105 suvarkau (pvz. po \u0160v. Kal\u0117d\u0173).<br><\/p><\/div><\/div>\n<\/div>\n\n\n\n<div class=\"wp-block-column is-layout-flow wp-block-column-is-layout-flow\" style=\"flex-basis:33.33%\">\n<div class=\"wp-block-uagb-info-box uagb-block-37899358 uagb-infobox__content-wrap  uagb-infobox-icon-above-title uagb-infobox-image-valign-top\"><div class=\"uagb-ifb-content\"><div class=\"uagb-ifb-title-wrap\"><h3 class=\"uagb-ifb-title\">\u0160vent\u0117s dekoravimo id\u0117j\u0173 projektas<br><br><mark style=\"background-color:rgba(0, 0, 0, 0)\" class=\"has-inline-color has-ast-global-color-0-color\">100 eur<\/mark>\u0173<\/h3><\/div><p class=\"uagb-ifb-desc\">\u2981 Padedu i\u0161sigryninti vientiso \u0161vent\u0117s stiliaus id\u0117j\u0105.<br>\u2981 Sukuriu ir pateikiu \u0161vent\u0117s dekoravimo vizual\u0105 (kolia\u017eo principu).<br>\u2981 Pateikiu detal\u0173 dekoravui reikaling\u0173 daikt\u0173 s\u0105ra\u0161\u0105 ir kiek\u012f.<br>\u2981 Suteikiu informacij\u0105, kur \u012fsigyti ar i\u0161sinuomoti reikiam\u0105 dekoro inventori\u0173 bei g\u0117les.<br>\u2981 Pateikiu detal\u0173 \u0161vent\u0117s dekoravimo apra\u0161\u0105.<\/p><\/div><\/div>\n<\/div>\n<\/div>\n<\/div><\/div>\n\n\n\n<div class=\"wp-block-uagb-container uagb-block-8787aa4d alignfull uagb-is-root-container\">\n<div class=\"wp-block-uagb-container uagb-block-ed9a94dc\"><\/div>\n\n\n\n<div class=\"wp-block-uagb-container uagb-block-4ba8a20e\"><\/div>\n\n\n\n<div class=\"wp-block-uagb-container uagb-block-f33aee70\"><\/div>\n\n\n\n<div class=\"wp-block-uagb-container uagb-block-4fb6e01f\"><\/div>\n<\/div>\n","protected":false},"excerpt":{"rendered":"<p>Dekoravimo paslaugos * \u012e dekoravimo paslaug\u0173 kain\u0105 ne\u012fskai\u010diuota: transporto i\u0161laidos, g\u0117l\u0117s, \u017evak\u0117s, spauda, tekstil\u0117s ir dekoro rekvizito nuoma (stalai, k\u0117d\u0117s, tekstil\u0117, pol\u0117k\u0161t\u0117s, kilimai ir kt.). Tiksli dekoravimo suma priklauso nuo \u0161vent\u0117s apim\u010di\u0173 ir paskai\u010diuojama i\u0161siai\u0161kinus kliento poreikius. Papildomos paslaugos<\/p>\n","protected":false},"author":1,"featured_media":0,"parent":0,"menu_order":0,"comment_status":"closed","ping_status":"closed","template":"","meta":{"_uag_custom_page_level_css":"","site-sidebar-layout":"no-sidebar","site-content-layout":"plain-container","ast-site-content-layout":"normal-width-container","site-content-style":"unboxed","site-sidebar-style":"unboxed","ast-global-header-display":"","ast-banner-title-visibility":"","ast-main-header-display":"","ast-hfb-above-header-display":"","ast-hfb-below-header-display":"","ast-hfb-mobile-header-display":"","site-post-title":"disabled","ast-breadcrumbs-content":"","ast-featured-img":"disabled","footer-sml-layout":"","theme-transparent-header-meta":"enabled","adv-header-id-meta":"","stick-header-meta":"","header-above-stick-meta":"","header-main-stick-meta":"","header-below-stick-meta":"","astra-migrate-meta-layouts":"set","footnotes":""},"uagb_featured_image_src":{"full":false,"thumbnail":false,"medium":false,"medium_large":false,"large":false,"1536x1536":false,"2048x2048":false},"uagb_author_info":{"display_name":"rutkauskaite.dovile@gmail.com","author_link":"https:\/\/doruti.lt\/?author=1"},"uagb_comment_info":0,"uagb_excerpt":"Dekoravimo paslaugos * \u012e dekoravimo paslaug\u0173 kain\u0105 ne\u012fskai\u010diuota: transporto i\u0161laidos, g\u0117l\u0117s, \u017evak\u0117s, spauda, tekstil\u0117s ir dekoro rekvizito nuoma (stalai, k\u0117d\u0117s, tekstil\u0117, pol\u0117k\u0161t\u0117s, kilimai ir kt.). Tiksli dekoravimo suma priklauso nuo \u0161vent\u0117s apim\u010di\u0173 ir paskai\u010diuojama i\u0161siai\u0161kinus kliento poreikius. Papildomos paslaugos","_links":{"self":[{"href":"https:\/\/doruti.lt\/index.php?rest_route=\/wp\/v2\/pages\/518"}],"collection":[{"href":"https:\/\/doruti.lt\/index.php?rest_route=\/wp\/v2\/pages"}],"about":[{"href":"https:\/\/doruti.lt\/index.php?rest_route=\/wp\/v2\/types\/page"}],"author":[{"embeddable":true,"href":"https:\/\/doruti.lt\/index.php?rest_route=\/wp\/v2\/users\/1"}],"replies":[{"embeddable":true,"href":"https:\/\/doruti.lt\/index.php?rest_route=%2Fwp%2Fv2%2Fcomments&post=518"}],"version-history":[{"count":20,"href":"https:\/\/doruti.lt\/index.php?rest_route=\/wp\/v2\/pages\/518\/revisions"}],"predecessor-version":[{"id":2047,"href":"https:\/\/doruti.lt\/index.php?rest_route=\/wp\/v2\/pages\/518\/revisions\/2047"}],"wp:attachment":[{"href":"https:\/\/doruti.lt\/index.php?rest_route=%2Fwp%2Fv2%2Fmedia&parent=518"}],"curies":[{"name":"wp","href":"https:\/\/api.w.org\/{rel}","templated":true}]}}